
4
What is the units digit of 2963799?
9
What is the hundred thousands digit of 5027698?
0
What is the tens digit of 920681?
8
What is the hundreds digit of 1396823?
8
What is the units digit of 893019?
9
What is the hundreds digit of 1773028?
0
What is the hundred thousands digit of 2746034?
7
What is the thousands digit of 12821211?
1
What is the tens digit of 3040666?
6
What is the thousands digit of 767213?
7
What is the millions digit of 17076752?
7
What is the units digit of 20884007?
7
What is the ten millions digit of 36490753?
3
What is the hundred thousands digit of 2543720?
5
What is the units digit of 29856?
6
What is the ten thousands digit of 103107?
0
What is the tens digit of 1335861?
6
What is the ten thousands digit of 1337346?
3
What is the ten thousands digit of 1272577?
7
What is the units digit of 2897319?
9
What is the hundreds digit of 60439?
4
What is the tens digit of 3392805?
0
What is the hundred thousands digit of 544011?
5
What is the tens digit of 5107105?
0
What is the hundred thousands digit of 395035?
3
What is the millions digit of 4560123?
4
What is the ten thousands digit of 141059?
4
What is the tens digit of 150631?
3
What is the hundreds digit of 5659080?
0
What is the tens digit of 2578087?
8
What is the hundred thousands digit of 4962830?
9
What is the tens digit of 491055?
5
What is the hundreds digit of 2924108?
1
What is the hundred thousands digit of 27990821?
9
What is the thousands digit of 19395298?
5
What is the ten thousands digit of 985934?
8
What is the hundred thousands digit of 140877?
1
What is the tens digit of 311706?
0
What is the tens digit of 7957160?
6
What is the hundreds digit of 590424?
4
What is the hundreds digit of 14826833?
8
What is the ten thousands digit of 309960?
0
What is the thousands digit of 105689?
5
What is the tens digit of 753026?
2
What is the units digit of 83756?
6
What is the tens digit of 20816391?
9
What is the hundreds digit of 6235426?
4
What is the thousands digit of 7851370?
1
What is the thousands digit of 284948?
4
What is the units digit of 13038483?
3
What is the millions digit of 1230955?
1
What is the ten thousands digit of 247790?
4
What is the hundreds digit of 413024?
0
What is the thousands digit of 4954368?
4
What is the ten thousands digit of 2753284?
5
What is the thousands digit of 5921882?
1
What is the tens digit of 2991015?
1
What is the millions digit of 1004362?
1
What is the hundreds digit of 279976?
9
What is the hundreds digit of 84952?
9
What is the hundreds digit of 8024165?
1
What is the ten thousands digit of 9931364?
3
What is the thousands digit of 160004?
0
What is the units digit of 3540337?
7
What is the hundred thousands digit of 633959?
6
What is the hundred thousands digit of 4065506?
0
What is the tens digit of 6931908?
0
What is the tens digit of 3414268?
6
What is the thousands digit of 6514351?
4
What is the thousands digit of 17598792?
8
What is the thousands digit of 1169433?
9
What is the tens digit of 336318?
1
What is the millions digit of 20539564?
0
What is the thousands digit of 719026?
9
What is the hundreds digit of 586642?
6
What is the thousands digit of 594612?
4
What is the hundreds digit of 117444?
4
What is the thousands digit of 2127301?
7
What is the ten thousands digit of 458611?
5
What is the ten thousands digit of 21571?
2
What is the ten millions digit of 10917019?
1
What is the millions digit of 3984476?
3
What is the hundred thousands digit of 2490248?
4
What is the tens digit of 9893513?
1
What is the ten millions digit of 11260285?
1
What is the hundreds digit of 395804?
8
What is the ten thousands digit of 5905384?
0
What is the hundred thousands digit of 5929915?
9
What is the hundred thousands digit of 3138916?
1
What is the tens digit of 1134144?
4
What is the hundreds digit of 3656999?
9
What is the ten thousands digit of 2777499?
7
What is the units digit of 22544?
4
What is the tens digit of 3178319?
1
What is the hundred thousands digit of 445424?
4
What is the units digit of 317211?
1
What is the hundreds digit of 1390394?
3
What is the ten thousands digit of 290680?
9
What is the ten thousands digit of 27260?
2
What is the units digit of 286967?
7
What is the ten thousands digit of 379907?
7
What is the thousands digit of 160429?
0
What is the hundred thousands digit of 204768?
2
What is the ten thousands digit of 138146?
3
What is the tens digit of 4982847?
4
What is the thousands digit of 986015?
6
What is the hundred thousands digit of 1678224?
6
What is the hundred thousands digit of 309235?
3
What is the tens digit of 580789?
8
What is the ten thousands digit of 626755?
2
What is the thousands digit of 8974062?
4
What is the millions digit of 10289719?
0
What is the thousands digit of 5486663?
6
What is the ten thousands digit of 21544?
2
What is the hundred thousands digit of 230169?
2
What is the millions digit of 3412173?
3
What is the thousands digit of 207701?
7
What is the tens digit of 5766058?
5
What is the tens digit of 1123724?
2
What is the thousands digit of 45447?
5
What is the hundred thousands digit of 996447?
9
What is the hundreds digit of 20652788?
7
What is the thousands digit of 446742?
6
What is the ten thousands digit of 338973?
3
What is the millions digit of 10985094?
0
What is the ten thousands digit of 1124787?
2
What is the tens digit of 1119489?
8
What is the hundreds digit of 1504?
5
What is the thousands digit of 247776?
7
What is the thousands digit of 233901?
3
What is the thousands digit of 3292859?
2
What is the units digit of 210200?
0
What is the hundreds digit of 4677420?
4
What is the thousands digit of 156442?
6
What is the hundreds digit of 672923?
9
What is the units digit of 10164575?
5
What is the thousands digit of 17298724?
8
What is the thousands digit of 2836204?
6
What is the tens digit of 3430884?
8
What is the tens digit of 813207?
0
What is the hundred thousands digit of 23917326?
9
What is the hundred thousands digit of 7358651?
3
What is the ten thousands digit of 380058?
8
What is the ten thousands digit of 11208?
1
What is the ten thousands digit of 4673409?
7
What is the thousands digit of 2472433?
2
What is the units digit of 3402637?
7
What is the thousands digit of 7274610?
4
What is the thousands digit of 9380248?
0
What is the units digit of 107559?
9
What is the units digit of 3178981?
1
What is the hundred thousands digit of 2352131?
3
What is the ten thousands digit of 3806920?
0
What is the units digit of 42888?
8
What is the hundreds digit of 375280?
2
What is the hundred thousands digit of 121886?
1
What is the units digit of 111641?
1
What is the ten thousands digit of 3954271?
5
What is the units digit of 547361?
1
What is the tens digit of 1160598?
9
What is the hundred thousands digit of 605092?
6
What is the tens digit of 302871?
7
What is the thousands digit of 4299650?
9
What is the units digit of 2807677?
7
What is the hundred thousands digit of 1953726?
9
What is the thousands digit of 846577?
6
What is the tens digit of 1311795?
9
What is the tens digit of 3836115?
1
What is the tens digit of 2248486?
8
What is the ten thousands digit of 23692055?
9
What is the millions digit of 2461497?
2
What is the ten thousands digit of 277851?
7
What is the units digit of 170036?
6
What is the hundreds digit of 5802604?
6
What is the tens digit of 3216390?
9
What is the hundreds digit of 1634356?
3
What is the millions digit of 3048638?
3
What is the units digit of 616873?
3
What is the thousands digit of 1460206?
0
What is the thousands digit of 127118?
7
What is the tens digit of 130672?
7
What is the thousands digit of 485701?
5
What is the thousands digit of 4569523?
9
What is the hundreds digit of 897258?
2
What is the hundreds digit of 11974795?
7
What is the units digit of 2807839?
9
What is the ten thousands digit of 398440?
9
What is the hundred thousands digit of 1317529?
3
What is the units digit of 8307190?
0
What is the hundred thousands digit of 37166066?
1
What is the hundred thousands digit of 266419?
2
What is the thousands digit of 1506384?
6
What is the millions digit of 11489965?
1
What is the hundreds digit of 9655665?
6
What is the ten millions digit of 10022288?
1
What is the ten thou